i - 667 = -2*j. Suppose 28*d + 2 = 27*d. Let a be (2/6)/(((-6)/i)/d). Calculate the greatest common divisor of 15 and a.
15
Let u be ((-7)/21)/((-6)/(-24))*-10728. What is the highest common divisor of 12 and u?
12
Let a = 64 - 7. Let j = -220078 + 220344. What is the highest common factor of j and a?
19
Suppose -2*u + 126 = 5*r, 16*r = 3*u + 14*r - 132. Let p = -396 + 556. What is the greatest common divisor of p and u?
16
Let k = 97 + -101. Let a be (20/(-6) - k)/(1/66). Let f be (1 + 10/(-6))*(-594)/a. What is the highest common factor of f and 18?
9
Let q be 72*((-1540)/(-33))/14. Calculate the highest common divisor of q and 2580.
60
Suppose 0 = 4*s + 5*u - 1706, -s - 4*u + 215 + 217 = 0. What is the highest common factor of 40 and s?
8
Let i(h) = 2*h**2 - 119*h - 3973. Let k be i(-64). Calculate the highest common factor of k and 135.
45
Let i be 32*(-1577)/114*-9. Calculate the greatest common factor of i and 192.
48
Let n(g) = g**3 - g**2 - g - 21. Let m be n(0). Suppose 33*l - 12*l = -1008. Let i = m - l. Calculate the highest common factor of 108 and i.
27
Suppose 2*r + 298 = 1586. Suppose -2450*z + 1839*z = -112424. Calculate the greatest common factor of r and z.
92
Suppose 70 = 3*p - g - 63, 4*p - 176 = g. Suppose 3*i = 3*v + 42 - 156, 5*v - i - 210 = 0. What is the highest common divisor of v and p?
43
Suppose -5*u + 137 = -268. Let f(q) = -2*q + 35. Let l be f(0). Suppose -c - 3 = -5*k + 37, -5*k + l = -2*c. What is the highest common divisor of k and u?
9
Let i be -2 - 1/((-3)/228). Suppose 2*t + h - 1921 = 0, 72*t - 70*t + 3*h = 1915. What is the highest common divisor of i and t?
74
Let c = 23600 - 11784. Calculate the highest common divisor of c and 56.
56
Suppose 886*h + 15 = 901*h. Let f(o) = -o**3 + 3*o**2 + 6*o - 5. Let t be (-4 + 8)*(-1 + 2). Let z be f(t). What is the greatest common divisor of h and z?
1
Suppose -5*y = 3*k - 31, -y = 226*k - 230*k + 26. What is the highest common divisor of y and 363?
1
Let r be (-17 - (-12180)/75) + (-4)/10. Let z be 402/14 - (5 + 111/(-21)). Calculate the highest common factor of z and r.
29
Suppose 0 = f + 3*t - 23 + 5, 0 = 12*t. Calculate the highest common factor of 20 and f.
2
Let m = -1286 + 1290. Suppose -170 = -2*n + 2*l - 4*l, 5*n - 5*l - 395 = 0. Suppose 4*w - n = 14. What is the greatest common divisor of w and m?
4
Let w be (88/(-72) - 4/(-18))*-5. Let s(z) = -32*z - 6. Let l be s(-5). Suppose -l = 3*r - w*r. Calculate the highest common divisor of r and 11.
11
Let n = -94 - -97. Let w be n/15 + 59/5. Suppose -w = -g + 1. What is the greatest common factor of 52 and g?
13
Suppose 62945 = -96*i + 126*i + 17735. Calculate the highest common factor of i and 99.
11
Let q = 7397 + -6886. What is the greatest common divisor of 2117 and q?
73
Let v = -50 + 42. Let x be -2*(v/20 + (-1)/10). Calculate the greatest common factor of x and 34.
1
Let j = 253 - 163. Suppose -2*w - 160 = -3*c, 0 = 20*w - 15*w + 3*c + 400. Let v = w + j. What is the highest common divisor of v and 4?
2
Suppose -2*b = -3*s - 100, -106*s = 3*b - 107*s - 164. What is the greatest common factor of 76 and b?
4
Let o(i) = 20693*i - 62069. Let x be o(3). Suppose 2*y + 3*v - 152 = 7*v, -232 = -3*y + 4*v. Calculate the greatest common factor of x and y.
10
Let q be ((-4)/(-6))/((-5)/(2 - -13)). Let y be 7/(2 + (-1)/(-3) + q). Let r be 187 - 1 - (-6)/2. Calculate the greatest common factor of y and r.
21
Suppose -26*s = -14*s - 840. Let f be 5/2 + 1/(-2). Suppose 71*x - s*x = f. What is the greatest common factor of 4 and x?
2
Let q be (2 - (-3 - -9)) + 6 - -22. Let t(x) = 6*x**2 - 15*x - 27. Let i be t(9). Calculate the greatest common divisor of i and q.
12
Suppose 39 + 21 = 2*h. Suppose -v - h = -7*v. Calculate the highest common divisor of v and 5.
5
Let g = -16 - -84. Let x(b) = b**2 - 9*b - 22. Let t be x(12). Let h = t - -3. What is the greatest common factor of g and h?
17
Let v(w) = -10*w**3 + 3*w**2 - 13*w - 28. Let s be v(-5). Calculate the greatest common divisor of 12 and s.
6
Suppose -5*c - 5*n - 5915 = 0, -4*n + 2178 + 206 = -2*c. Let m be (-1)/9 + c/18. Let l = m + 68. Calculate the highest common factor of l and 34.
2
Suppose 4*m - 636 = -2*z, -17*m - 2*z - 628 = -21*m. Let h = m + -119. Calculate the greatest common factor of h and 624.
39
Let y be (-1)/(-3) - 1409/(-3). Let w be 157 + -145 + (9/(-18) - (-3)/(-2)). Calculate the greatest common divisor of w and y.
10
Let i = 126 - 123. Suppose -i*u = -6*u + 270. Let l(k) = -2*k**2 - 19*k - 6. Let y be l(-6). Calculate the highest common factor of u and y.
18
Let b be (0/(-1) + 1)/(1027673/(-21866) - -47). Suppose -10 = -3*k + 68. Calculate the greatest common factor of k and b.
26
Let q = 87010 + -47338. What is the greatest common factor of q and 171?
171
Suppose 156 = 30*h - 27*h - 3*g, -h - g + 44 = 0. What is the highest common factor of 3408 and h?
48
Suppose 1226 + 3527 = -49*k. Let o be -2*2/(-4) - 68. Let s = o - k. What is the greatest common factor of 10 and s?
10
Let v be (-28)/210 - (-26355)/225. What is the greatest common factor of v and 7839?
117
Let l = 15896 - 13621. Calculate the highest common divisor of l and 1925.
175
Let q be (-5)/((-4)/36*-1). Let r(g) = -g**3 + 20*g**2 - 29*g + 39. Let t be r(18). Let j = t + q. What is the greatest common factor of j and 15?
15
Let o(v) = 47*v**3 - v**2 + v + 1. Let k be o(-1). Let a = k + 291. Let i = 68 - 41. Calculate the highest common factor of i and a.
27
Let k(v) = v**3 - 56*v**2 + 62*v + 60. Let r be k(55). What is the greatest common factor of r and 1157?
89
Let l(v) = 679*v**2 + 64*v - 65. Let y be l(1). Calculate the greatest common divisor of y and 138.
6
Suppose 0 = -3*a + 24 + 36. Let r = 34 - a. Calculate the highest common divisor of r and 112.
14
Let f(n) = n**2 + 9*n - 89. Let h be f(7). Calculate the greatest common divisor of 5750 and h.
23
Let p be ((-648)/(-135))/((-4)/(-30)). Calculate the greatest common factor of p and 64.
4
Let u(b) be the second derivative of b**5/20 + 7*b**4/12 + b**3/2 - 13*b**2/2 + 16*b. Let o be u(-6). Calculate the highest common factor of o and 35.
5
Let q = 8 - 3. Let n(z) = -35 + 17 + 31*z + 9 + 8. Let x be n(q). What is the greatest common factor of x and 14?
14
Suppose 0 = 37*f - 36*f - 90. Suppose -18*a + f = -3*a. What is the greatest common factor of a and 6?
6
Let d = -22 - -72. Let n be (-8)/((-104)/(-13)) - -25. Let o = d - n. What is the highest common factor of 78 and o?
26
Let o be -10*3*(-3)/18. Suppose -o*p + 204 = -y, -3*y + 6*y - 4*p = -656. Let j be (y/(-20))/((-3)/(-15)). What is the greatest common divisor of 8 and j?
8
Let g = 39 + -15. Let f(s) = s**3 - 56*s**2 - 6*s + 104. Let u be f(0). What is the highest common divisor of g and u?
8
Suppose -x + 19*x = 1026. Suppose 3*d = -5*d + 72. Suppose -14*o + 285 = -d*o. What is the highest common factor of o and x?
57
Suppose 25*g + 90 + 185 = 0. Let b be (g/3 + 3)*(-69 - -6). What is the highest common factor of 42 and b?
42
Let m be (-21)/(-3) - 5/(60/(-36)). What is the greatest common factor of m and 2270?
10
Let q = -874 - -879. Let o be 2704/20 + q + (-126)/30. Calculate the highest common divisor of 204 and o.
68
Let y = 646 - 626. Calculate the highest common factor of 20 and y.
20
Let d(v) = 17*v - 69. Let n be d(17). What is the highest common divisor of 32 and n?
4
Suppose 229800 = 467*a - 400650. What is the greatest common factor of 975 and a?
75
Let z be 18/30*(5 - 0). Suppose w = -g + 260, g + z*g - 4*w - 1000 = 0. What is the highest common factor of 30 and g?
15
Let m = 62 + -89. Suppose 4 = 7*r + 137. Let k = r - m. Calculate the greatest common factor of 1 and k.
1
Suppose 0 = -3*z - 12 - 9. Let u be z/14 + 11/(-2). Let o(c) = -3*c + 6. Let b be o(u). Calculate the greatest common factor of 3 and b.
3
Suppose -3*c + 5487 = 5*v - 3178, c + 5213 = 3*v. Calculate the highest common factor of 1085 and v.
217
Let o(q) = -18*q**2 + 2*q - 7. Let a be o(-3). Let d be a/(-20) - -6*(-3)/24. What is the greatest common factor of d and 1?
1
Let n be 3/((-36)/(-248)) - 2/3. Suppose 0 = 8*z + n + 68. Let m be z/((-99)/(-6)) + 47/3. What is the greatest common divisor of m and 6?
3
Suppose 2*c + 2*c = 180. Suppose 0 = 4*p - 5*m - 645, -5688 = -37*p + 4*m - 102. Wha